{"id":500,"date":"2024-09-30T14:07:02","date_gmt":"2024-09-30T18:07:02","guid":{"rendered":"https:\/\/fantalimentos.com.br\/home\/?page_id=500"},"modified":"2024-11-26T17:01:02","modified_gmt":"2024-11-26T21:01:02","slug":"a-empresa","status":"publish","type":"page","link":"https:\/\/fantalimentos.com.br\/home\/a-empresa\/","title":{"rendered":"A Empresa"},"content":{"rendered":"\t\t<div data-elementor-type=\"wp-page\" data-elementor-id=\"500\" class=\"elementor elementor-500\" data-elementor-post-type=\"page\">\n\t\t\t\t\t\t<section class=\"elementor-section elementor-top-section elementor-element elementor-element-104819d3 elementor-section-height-min-height elementor-section-boxed elementor-section-height-default elementor-section-items-middle\" data-id=\"104819d3\" data-element_type=\"section\" data-settings=\"{&quot;background_background&quot;:&quot;classic&quot;}\">\n\t\t\t\t\t\t\t<div class=\"elementor-background-overlay\"><\/div>\n\t\t\t\t\t\t\t<div class=\"elementor-container elementor-column-gap-default\">\n\t\t\t\t\t<div class=\"elementor-column elementor-col-100 elementor-top-column elementor-element elementor-element-26d1e5fd\" data-id=\"26d1e5fd\" data-element_type=\"column\">\n\t\t\t<div class=\"elementor-widget-wrap elementor-element-populated\">\n\t\t\t\t\t\t<div class=\"elementor-element elementor-element-22730073 elementor-widget elementor-widget-heading\" data-id=\"22730073\" data-element_type=\"widget\" data-widget_type=\"heading.default\">\n\t\t\t\t<div class=\"elementor-widget-container\">\n\t\t\t\t\t<h1 class=\"elementor-heading-title elementor-size-default\">A empresa<\/h1>\t\t\t\t<\/div>\n\t\t\t\t<\/div>\n\t\t\t\t\t<\/div>\n\t\t<\/div>\n\t\t\t\t\t<\/div>\n\t\t<\/section>\n\t\t\t\t<section class=\"elementor-section elementor-top-section elementor-element elementor-element-040200a elementor-section-boxed elementor-section-height-default elementor-section-height-default\" data-id=\"040200a\" data-element_type=\"section\">\n\t\t\t\t\t\t<div class=\"elementor-container elementor-column-gap-default\">\n\t\t\t\t\t<div class=\"elementor-column elementor-col-50 elementor-top-column elementor-element elementor-element-bf59367\" data-id=\"bf59367\" data-element_type=\"column\">\n\t\t\t<div class=\"elementor-widget-wrap elementor-element-populated\">\n\t\t\t\t\t\t<div class=\"elementor-element elementor-element-5709dd27 elementor-widget elementor-widget-heading\" data-id=\"5709dd27\" data-element_type=\"widget\" data-widget_type=\"heading.default\">\n\t\t\t\t<div class=\"elementor-widget-container\">\n\t\t\t\t\t<h2 class=\"elementor-heading-title elementor-size-default\">Bem-vindo \u00e1 Fant Alimentos <\/h2>\t\t\t\t<\/div>\n\t\t\t\t<\/div>\n\t\t\t\t<div class=\"elementor-element elementor-element-2c32d10a elementor-widget elementor-widget-text-editor\" data-id=\"2c32d10a\" data-element_type=\"widget\" data-widget_type=\"text-editor.default\">\n\t\t\t\t<div class=\"elementor-widget-container\">\n\t\t\t\t\t\t\t\t\t<p>Entre os anos 1999 e 2000, o casal F\u00e1bio Alex Roder e Alexa Ayoub Maluf Roder, por acreditarem no grande potencial do mercado, aliado ao conhecimento gastron\u00f4mico, foram pioneiros no Brasil na fabrica\u00e7\u00e3o da deliciosa sobremesa Petit G\u00e2teau.<\/p><p>Como n\u00e3o bastava ser apenas pioneiro, ent\u00e3o resolveram solicitar a patente da marca \u201cPetit G\u00e2teau\u201d junto ao INPI (Instituto Nacional de Propriedade Industrial). Hoje pode-se afirmar que \u00e9 uma marca genuinamente mato-grossense, registrada nacionalmente e pode ser encontrada nos melhores restaurantes e supermercados de Mato Grosso.<\/p><p>Em 2010 visualizamos uma oportunidade mercado, e decidimos expandir os neg\u00f3cios com a cria\u00e7\u00e3o da FANT Alimentos com a fabrica\u00e7\u00e3o de chipas, p\u00e3es de queijo e salgados. Em 2020 criamos a linha de Massas Frescas italianas, a qual batizamos de Di Fant Massas Artesanais.<br \/>Al\u00e9m de fabricar os produtos, temos uma Loja Delivery, localizada pr\u00f3xima ao Shopping Goiabeiras.<\/p><p><span style=\"color: var( --e-global-color-text ); font-family: var( --e-global-typography-text-font-family ), Sans-serif; font-size: var( --e-global-typography-text-font-size ); font-weight: var( --e-global-typography-text-font-weight );\">O nome FANT al\u00e9m de alguns significados j\u00e1 existentes, foi criado com base na jun\u00e7\u00e3o das\u00a0<\/span><span style=\"color: var( --e-global-color-text ); font-family: var( --e-global-typography-text-font-family ), Sans-serif; font-size: var( --e-global-typography-text-font-size ); font-weight: var( --e-global-typography-text-font-weight );\">iniciais de cada membro da fam\u00edlia, s\u00e3o eles: F\u00e1bio Alex, Alexa, Natalie e T\u00e1rek.<\/span><\/p>\t\t\t\t\t\t\t\t<\/div>\n\t\t\t\t<\/div>\n\t\t\t\t\t<\/div>\n\t\t<\/div>\n\t\t\t\t<div class=\"elementor-column elementor-col-50 elementor-top-column elementor-element elementor-element-d26c99f\" data-id=\"d26c99f\" data-element_type=\"column\">\n\t\t\t<div class=\"elementor-widget-wrap elementor-element-populated\">\n\t\t\t\t\t\t<div class=\"elementor-element elementor-element-1e526265 elementor-widget elementor-widget-image\" data-id=\"1e526265\" data-element_type=\"widget\" data-widget_type=\"image.default\">\n\t\t\t\t<div class=\"elementor-widget-container\">\n\t\t\t\t\t\t\t\t\t\t\t\t\t\t\t<img fetchpriority=\"high\" decoding=\"async\" width=\"531\" height=\"485\" src=\"https:\/\/fantalimentos.com.br\/wp-content\/uploads\/2017\/10\/img_empresa.jpg\" class=\"attachment-full size-full wp-image-21\" alt=\"\" srcset=\"https:\/\/fantalimentos.com.br\/wp-content\/uploads\/2017\/10\/img_empresa.jpg 531w, https:\/\/fantalimentos.com.br\/wp-content\/uploads\/2017\/10\/img_empresa-300x274.jpg 300w, https:\/\/fantalimentos.com.br\/wp-content\/uploads\/2017\/10\/img_empresa-200x183.jpg 200w, https:\/\/fantalimentos.com.br\/wp-content\/uploads\/2017\/10\/img_empresa-400x365.jpg 400w\" sizes=\"(max-width: 531px) 100vw, 531px\" \/>\t\t\t\t\t\t\t\t\t\t\t\t\t\t\t<\/div>\n\t\t\t\t<\/div>\n\t\t\t\t\t<\/div>\n\t\t<\/div>\n\t\t\t\t\t<\/div>\n\t\t<\/section>\n\t\t\t\t<section class=\"elementor-section elementor-top-section elementor-element elementor-element-7d61274 elementor-section-boxed elementor-section-height-default elementor-section-height-default\" data-id=\"7d61274\" data-element_type=\"section\">\n\t\t\t\t\t\t<div class=\"elementor-container elementor-column-gap-default\">\n\t\t\t\t\t<div class=\"elementor-column elementor-col-100 elementor-top-column elementor-element elementor-element-31c6989\" data-id=\"31c6989\" data-element_type=\"column\">\n\t\t\t<div class=\"elementor-widget-wrap elementor-element-populated\">\n\t\t\t\t\t\t<div class=\"elementor-element elementor-element-59ac8b8 elementor-widget elementor-widget-text-editor\" data-id=\"59ac8b8\" data-element_type=\"widget\" data-widget_type=\"text-editor.default\">\n\t\t\t\t<div class=\"elementor-widget-container\">\n\t\t\t\t\t\t\t\t\t<p>E como n\u00e3o poder\u00edamos parar de inovar em 2020 a fam\u00edlia FANT ALIMENTOS desenvolveu algumas novas linhas para o atendimento do auto servi\u00e7o em seu portif\u00f3lio, s\u00e3o elas:<\/p>\t\t\t\t\t\t\t\t<\/div>\n\t\t\t\t<\/div>\n\t\t\t\t<div class=\"elementor-element elementor-element-f313bee elementor-cta--skin-cover elementor-widget__width-initial elementor-widget-mobile__width-inherit elementor-animated-content elementor-bg-transform elementor-bg-transform-zoom-in elementor-widget elementor-widget-call-to-action\" data-id=\"f313bee\" data-element_type=\"widget\" data-widget_type=\"call-to-action.default\">\n\t\t\t\t<div class=\"elementor-widget-container\">\n\t\t\t\t\t\t\t<div class=\"elementor-cta\">\n\t\t\t\t\t<div class=\"elementor-cta__bg-wrapper\">\n\t\t\t\t<div class=\"elementor-cta__bg elementor-bg\" style=\"background-image: url(https:\/\/fantalimentos.com.br\/wp-content\/uploads\/2024\/09\/Massas-2.jpg);\" role=\"img\" aria-label=\"Massas (2)\"><\/div>\n\t\t\t\t<div class=\"elementor-cta__bg-overlay\"><\/div>\n\t\t\t<\/div>\n\t\t\t\t\t\t\t<div class=\"elementor-cta__content\">\n\t\t\t\t\n\t\t\t\t\t\t\t\t\t<h2 class=\"elementor-cta__title elementor-cta__content-item elementor-content-item elementor-animated-item--grow\">\n\t\t\t\t\t\tCozinha Italiana\t\t\t\t\t<\/h2>\n\t\t\t\t\n\t\t\t\t\t\t\t\t\t<div class=\"elementor-cta__description elementor-cta__content-item elementor-content-item elementor-animated-item--grow\">\n\t\t\t\t\t\tDi Fant massas frescas com molhos artesanais e massas frescas congelados\t\t\t\t\t<\/div>\n\t\t\t\t\n\t\t\t\t\t\t\t<\/div>\n\t\t\t\t\t\t<\/div>\n\t\t\t\t\t\t<\/div>\n\t\t\t\t<\/div>\n\t\t\t\t<div class=\"elementor-element elementor-element-2f243d0 elementor-cta--skin-cover elementor-widget__width-initial elementor-widget-mobile__width-inherit elementor-animated-content elementor-bg-transform elementor-bg-transform-zoom-in elementor-widget elementor-widget-call-to-action\" data-id=\"2f243d0\" data-element_type=\"widget\" data-widget_type=\"call-to-action.default\">\n\t\t\t\t<div class=\"elementor-widget-container\">\n\t\t\t\t\t\t\t<div class=\"elementor-cta\">\n\t\t\t\t\t<div class=\"elementor-cta__bg-wrapper\">\n\t\t\t\t<div class=\"elementor-cta__bg elementor-bg\" style=\"background-image: url(https:\/\/fantalimentos.com.br\/wp-content\/uploads\/2024\/09\/Imagem-do-WhatsApp-de-2024-09-30-as-14.49.38_e4b371d8.jpg);\" role=\"img\" aria-label=\"Imagem do WhatsApp de 2024-09-30 \u00e0(s) 14.49.38_e4b371d8\"><\/div>\n\t\t\t\t<div class=\"elementor-cta__bg-overlay\"><\/div>\n\t\t\t<\/div>\n\t\t\t\t\t\t\t<div class=\"elementor-cta__content\">\n\t\t\t\t\n\t\t\t\t\t\t\t\t\t<h2 class=\"elementor-cta__title elementor-cta__content-item elementor-content-item elementor-animated-item--grow\">\n\t\t\t\t\t\t Cozinha \u00c1rabe \t\t\t\t\t<\/h2>\n\t\t\t\t\n\t\t\t\t\t\t\t\t\t<div class=\"elementor-cta__description elementor-cta__content-item elementor-content-item elementor-animated-item--grow\">\n\t\t\t\t\t\tTartuk Culin\u00e1ria com uma variedade de salgados e pastas \u00e1rabes, al\u00e9m de p\u00e3es \u00e1rabes tipo Pita, em tamanhos variados.\t\t\t\t\t<\/div>\n\t\t\t\t\n\t\t\t\t\t\t\t<\/div>\n\t\t\t\t\t\t<\/div>\n\t\t\t\t\t\t<\/div>\n\t\t\t\t<\/div>\n\t\t\t\t\t<\/div>\n\t\t<\/div>\n\t\t\t\t\t<\/div>\n\t\t<\/section>\n\t\t\t\t<section class=\"elementor-section elementor-top-section elementor-element elementor-element-53bf4242 elementor-section-full_width elementor-section-height-min-height elementor-section-height-default elementor-section-items-middle\" data-id=\"53bf4242\" data-element_type=\"section\">\n\t\t\t\t\t\t<div class=\"elementor-container elementor-column-gap-default\">\n\t\t\t\t\t<div class=\"elementor-column elementor-col-50 elementor-top-column elementor-element elementor-element-33010026\" data-id=\"33010026\" data-element_type=\"column\" data-settings=\"{&quot;background_background&quot;:&quot;classic&quot;}\">\n\t\t\t<div class=\"elementor-widget-wrap elementor-element-populated\">\n\t\t\t\t\t\t<section class=\"elementor-section elementor-inner-section elementor-element elementor-element-4b003f67 elementor-section-height-min-height elementor-section-content-middle elementor-section-boxed elementor-section-height-default\" data-id=\"4b003f67\" data-element_type=\"section\">\n\t\t\t\t\t\t<div class=\"elementor-container elementor-column-gap-default\">\n\t\t\t\t\t<div class=\"elementor-column elementor-col-100 elementor-inner-column elementor-element elementor-element-aac3ecf\" data-id=\"aac3ecf\" data-element_type=\"column\">\n\t\t\t<div class=\"elementor-widget-wrap elementor-element-populated\">\n\t\t\t\t\t\t<div class=\"elementor-element elementor-element-70abe87b elementor-widget elementor-widget-heading\" data-id=\"70abe87b\" data-element_type=\"widget\" data-widget_type=\"heading.default\">\n\t\t\t\t<div class=\"elementor-widget-container\">\n\t\t\t\t\t<h2 class=\"elementor-heading-title elementor-size-default\">Contato<\/h2>\t\t\t\t<\/div>\n\t\t\t\t<\/div>\n\t\t\t\t<div class=\"elementor-element elementor-element-0208efa elementor-tablet-align-center elementor-widget__width-initial elementor-icon-list--layout-traditional elementor-list-item-link-full_width elementor-widget elementor-widget-global elementor-global-818 elementor-widget-icon-list\" data-id=\"0208efa\" data-element_type=\"widget\" data-widget_type=\"icon-list.default\">\n\t\t\t\t<div class=\"elementor-widget-container\">\n\t\t\t\t\t\t\t<ul class=\"elementor-icon-list-items\">\n\t\t\t\t\t\t\t<li class=\"elementor-icon-list-item\">\n\t\t\t\t\t\t\t\t\t\t\t<a href=\"tel:99962%20-0800\">\n\n\t\t\t\t\t\t\t\t\t\t\t\t<span class=\"elementor-icon-list-icon\">\n\t\t\t\t\t\t\t<i aria-hidden=\"true\" class=\"fas fa-phone-alt\"><\/i>\t\t\t\t\t\t<\/span>\n\t\t\t\t\t\t\t\t\t\t<span class=\"elementor-icon-list-text\">(65) 99962 - 0800<\/span>\n\t\t\t\t\t\t\t\t\t\t\t<\/a>\n\t\t\t\t\t\t\t\t\t<\/li>\n\t\t\t\t\t\t\t\t<li class=\"elementor-icon-list-item\">\n\t\t\t\t\t\t\t\t\t\t\t<span class=\"elementor-icon-list-icon\">\n\t\t\t\t\t\t\t<i aria-hidden=\"true\" class=\"far fa-envelope\"><\/i>\t\t\t\t\t\t<\/span>\n\t\t\t\t\t\t\t\t\t\t<span class=\"elementor-icon-list-text\">contato@fant.com.br<\/span>\n\t\t\t\t\t\t\t\t\t<\/li>\n\t\t\t\t\t\t\t\t<li class=\"elementor-icon-list-item\">\n\t\t\t\t\t\t\t\t\t\t\t<span class=\"elementor-icon-list-icon\">\n\t\t\t\t\t\t\t<i aria-hidden=\"true\" class=\"far fa-map\"><\/i>\t\t\t\t\t\t<\/span>\n\t\t\t\t\t\t\t\t\t\t<span class=\"elementor-icon-list-text\">Av. Joaquim Louzada Q.09 L.15, Tropical Ville, novo colorado Cuiaba MT\u00a0cep.\u00a078.042-800<\/span>\n\t\t\t\t\t\t\t\t\t<\/li>\n\t\t\t\t\t\t<\/ul>\n\t\t\t\t\t\t<\/div>\n\t\t\t\t<\/div>\n\t\t\t\t\t<\/div>\n\t\t<\/div>\n\t\t\t\t\t<\/div>\n\t\t<\/section>\n\t\t\t\t\t<\/div>\n\t\t<\/div>\n\t\t\t\t<div class=\"elementor-column elementor-col-50 elementor-top-column elementor-element elementor-element-501544f\" data-id=\"501544f\" data-element_type=\"column\" data-settings=\"{&quot;background_background&quot;:&quot;classic&quot;}\">\n\t\t\t<div class=\"elementor-widget-wrap elementor-element-populated\">\n\t\t\t\t\t\t<div class=\"elementor-element elementor-element-26133f7a elementor-widget elementor-widget-spacer\" data-id=\"26133f7a\" data-element_type=\"widget\" data-widget_type=\"spacer.default\">\n\t\t\t\t<div class=\"elementor-widget-container\">\n\t\t\t\t\t\t\t<div class=\"elementor-spacer\">\n\t\t\t<div class=\"elementor-spacer-inner\"><\/div>\n\t\t<\/div>\n\t\t\t\t\t\t<\/div>\n\t\t\t\t<\/div>\n\t\t\t\t\t<\/div>\n\t\t<\/div>\n\t\t\t\t\t<\/div>\n\t\t<\/section>\n\t\t\t\t<\/div>\n\t\t","protected":false},"excerpt":{"rendered":"<p>A empresa Bem-vindo \u00e1 Fant Alimentos Entre os anos 1999 e 2000, o casal F\u00e1bio Alex Roder e Alexa Ayoub Maluf Roder, por acreditarem no grande potencial do mercado, aliado ao conhecimento gastron\u00f4mico, foram pioneiros no Brasil na fabrica\u00e7\u00e3o da deliciosa sobremesa Petit G\u00e2teau. Como n\u00e3o bastava ser apenas pioneiro, ent\u00e3o resolveram solicitar a patente [&hellip;]<\/p>\n","protected":false},"author":1,"featured_media":151,"parent":0,"menu_order":0,"comment_status":"closed","ping_status":"closed","template":"","meta":{"footnotes":""},"class_list":["post-500","page","type-page","status-publish","has-post-thumbnail","hentry"],"yoast_head":"<!-- This site is optimized with the Yoast SEO plugin v26.3 - https:\/\/yoast.com\/wordpress\/plugins\/seo\/ -->\n<title>A Empresa - Fant Alimentos<\/title>\n<meta name=\"robots\" content=\"index, follow, max-snippet:-1, max-image-preview:large, max-video-preview:-1\" \/>\n<link rel=\"canonical\" href=\"https:\/\/fantalimentos.com.br\/home\/a-empresa\/\" \/>\n<meta property=\"og:locale\" content=\"pt_BR\" \/>\n<meta property=\"og:type\" content=\"article\" \/>\n<meta property=\"og:title\" content=\"A Empresa - Fant Alimentos\" \/>\n<meta property=\"og:description\" content=\"A empresa Bem-vindo \u00e1 Fant Alimentos Entre os anos 1999 e 2000, o casal F\u00e1bio Alex Roder e Alexa Ayoub Maluf Roder, por acreditarem no grande potencial do mercado, aliado ao conhecimento gastron\u00f4mico, foram pioneiros no Brasil na fabrica\u00e7\u00e3o da deliciosa sobremesa Petit G\u00e2teau. Como n\u00e3o bastava ser apenas pioneiro, ent\u00e3o resolveram solicitar a patente [&hellip;]\" \/>\n<meta property=\"og:url\" content=\"https:\/\/fantalimentos.com.br\/home\/a-empresa\/\" \/>\n<meta property=\"og:site_name\" content=\"Fant Alimentos\" \/>\n<meta property=\"article:modified_time\" content=\"2024-11-26T21:01:02+00:00\" \/>\n<meta property=\"og:image\" content=\"https:\/\/fantalimentos.com.br\/wp-content\/uploads\/2017\/12\/empresa_img.jpg\" \/>\n\t<meta property=\"og:image:width\" content=\"531\" \/>\n\t<meta property=\"og:image:height\" content=\"353\" \/>\n\t<meta property=\"og:image:type\" content=\"image\/jpeg\" \/>\n<meta name=\"twitter:card\" content=\"summary_large_image\" \/>\n<meta name=\"twitter:label1\" content=\"Est. tempo de leitura\" \/>\n\t<meta name=\"twitter:data1\" content=\"2 minutos\" \/>\n<script type=\"application\/ld+json\" class=\"yoast-schema-graph\">{\"@context\":\"https:\/\/schema.org\",\"@graph\":[{\"@type\":\"WebPage\",\"@id\":\"https:\/\/fantalimentos.com.br\/home\/a-empresa\/\",\"url\":\"https:\/\/fantalimentos.com.br\/home\/a-empresa\/\",\"name\":\"A Empresa - Fant Alimentos\",\"isPartOf\":{\"@id\":\"https:\/\/fantalimentos.com.br\/home\/#website\"},\"primaryImageOfPage\":{\"@id\":\"https:\/\/fantalimentos.com.br\/home\/a-empresa\/#primaryimage\"},\"image\":{\"@id\":\"https:\/\/fantalimentos.com.br\/home\/a-empresa\/#primaryimage\"},\"thumbnailUrl\":\"https:\/\/fantalimentos.com.br\/wp-content\/uploads\/2017\/12\/empresa_img.jpg\",\"datePublished\":\"2024-09-30T18:07:02+00:00\",\"dateModified\":\"2024-11-26T21:01:02+00:00\",\"breadcrumb\":{\"@id\":\"https:\/\/fantalimentos.com.br\/home\/a-empresa\/#breadcrumb\"},\"inLanguage\":\"pt-BR\",\"potentialAction\":[{\"@type\":\"ReadAction\",\"target\":[\"https:\/\/fantalimentos.com.br\/home\/a-empresa\/\"]}]},{\"@type\":\"ImageObject\",\"inLanguage\":\"pt-BR\",\"@id\":\"https:\/\/fantalimentos.com.br\/home\/a-empresa\/#primaryimage\",\"url\":\"https:\/\/fantalimentos.com.br\/wp-content\/uploads\/2017\/12\/empresa_img.jpg\",\"contentUrl\":\"https:\/\/fantalimentos.com.br\/wp-content\/uploads\/2017\/12\/empresa_img.jpg\",\"width\":531,\"height\":353,\"caption\":\"Fant Alimentos\"},{\"@type\":\"BreadcrumbList\",\"@id\":\"https:\/\/fantalimentos.com.br\/home\/a-empresa\/#breadcrumb\",\"itemListElement\":[{\"@type\":\"ListItem\",\"position\":1,\"name\":\"In\u00edcio\",\"item\":\"https:\/\/fantalimentos.com.br\/home\/\"},{\"@type\":\"ListItem\",\"position\":2,\"name\":\"A Empresa\"}]},{\"@type\":\"WebSite\",\"@id\":\"https:\/\/fantalimentos.com.br\/home\/#website\",\"url\":\"https:\/\/fantalimentos.com.br\/home\/\",\"name\":\"Fant Alimentos\",\"description\":\"\",\"publisher\":{\"@id\":\"https:\/\/fantalimentos.com.br\/home\/#organization\"},\"potentialAction\":[{\"@type\":\"SearchAction\",\"target\":{\"@type\":\"EntryPoint\",\"urlTemplate\":\"https:\/\/fantalimentos.com.br\/home\/?s={search_term_string}\"},\"query-input\":{\"@type\":\"PropertyValueSpecification\",\"valueRequired\":true,\"valueName\":\"search_term_string\"}}],\"inLanguage\":\"pt-BR\"},{\"@type\":\"Organization\",\"@id\":\"https:\/\/fantalimentos.com.br\/home\/#organization\",\"name\":\"Fant Alimentos\",\"url\":\"https:\/\/fantalimentos.com.br\/home\/\",\"logo\":{\"@type\":\"ImageObject\",\"inLanguage\":\"pt-BR\",\"@id\":\"https:\/\/fantalimentos.com.br\/home\/#\/schema\/logo\/image\/\",\"url\":\"https:\/\/fantalimentos.com.br\/wp-content\/uploads\/2018\/03\/logo_rodape_250x108.png\",\"contentUrl\":\"https:\/\/fantalimentos.com.br\/wp-content\/uploads\/2018\/03\/logo_rodape_250x108.png\",\"width\":250,\"height\":108,\"caption\":\"Fant Alimentos\"},\"image\":{\"@id\":\"https:\/\/fantalimentos.com.br\/home\/#\/schema\/logo\/image\/\"}}]}<\/script>\n<!-- \/ Yoast SEO plugin. -->","yoast_head_json":{"title":"A Empresa - Fant Alimentos","robots":{"index":"index","follow":"follow","max-snippet":"max-snippet:-1","max-image-preview":"max-image-preview:large","max-video-preview":"max-video-preview:-1"},"canonical":"https:\/\/fantalimentos.com.br\/home\/a-empresa\/","og_locale":"pt_BR","og_type":"article","og_title":"A Empresa - Fant Alimentos","og_description":"A empresa Bem-vindo \u00e1 Fant Alimentos Entre os anos 1999 e 2000, o casal F\u00e1bio Alex Roder e Alexa Ayoub Maluf Roder, por acreditarem no grande potencial do mercado, aliado ao conhecimento gastron\u00f4mico, foram pioneiros no Brasil na fabrica\u00e7\u00e3o da deliciosa sobremesa Petit G\u00e2teau. Como n\u00e3o bastava ser apenas pioneiro, ent\u00e3o resolveram solicitar a patente [&hellip;]","og_url":"https:\/\/fantalimentos.com.br\/home\/a-empresa\/","og_site_name":"Fant Alimentos","article_modified_time":"2024-11-26T21:01:02+00:00","og_image":[{"width":531,"height":353,"url":"https:\/\/fantalimentos.com.br\/wp-content\/uploads\/2017\/12\/empresa_img.jpg","type":"image\/jpeg"}],"twitter_card":"summary_large_image","twitter_misc":{"Est. tempo de leitura":"2 minutos"},"schema":{"@context":"https:\/\/schema.org","@graph":[{"@type":"WebPage","@id":"https:\/\/fantalimentos.com.br\/home\/a-empresa\/","url":"https:\/\/fantalimentos.com.br\/home\/a-empresa\/","name":"A Empresa - Fant Alimentos","isPartOf":{"@id":"https:\/\/fantalimentos.com.br\/home\/#website"},"primaryImageOfPage":{"@id":"https:\/\/fantalimentos.com.br\/home\/a-empresa\/#primaryimage"},"image":{"@id":"https:\/\/fantalimentos.com.br\/home\/a-empresa\/#primaryimage"},"thumbnailUrl":"https:\/\/fantalimentos.com.br\/wp-content\/uploads\/2017\/12\/empresa_img.jpg","datePublished":"2024-09-30T18:07:02+00:00","dateModified":"2024-11-26T21:01:02+00:00","breadcrumb":{"@id":"https:\/\/fantalimentos.com.br\/home\/a-empresa\/#breadcrumb"},"inLanguage":"pt-BR","potentialAction":[{"@type":"ReadAction","target":["https:\/\/fantalimentos.com.br\/home\/a-empresa\/"]}]},{"@type":"ImageObject","inLanguage":"pt-BR","@id":"https:\/\/fantalimentos.com.br\/home\/a-empresa\/#primaryimage","url":"https:\/\/fantalimentos.com.br\/wp-content\/uploads\/2017\/12\/empresa_img.jpg","contentUrl":"https:\/\/fantalimentos.com.br\/wp-content\/uploads\/2017\/12\/empresa_img.jpg","width":531,"height":353,"caption":"Fant Alimentos"},{"@type":"BreadcrumbList","@id":"https:\/\/fantalimentos.com.br\/home\/a-empresa\/#breadcrumb","itemListElement":[{"@type":"ListItem","position":1,"name":"In\u00edcio","item":"https:\/\/fantalimentos.com.br\/home\/"},{"@type":"ListItem","position":2,"name":"A Empresa"}]},{"@type":"WebSite","@id":"https:\/\/fantalimentos.com.br\/home\/#website","url":"https:\/\/fantalimentos.com.br\/home\/","name":"Fant Alimentos","description":"","publisher":{"@id":"https:\/\/fantalimentos.com.br\/home\/#organization"},"potentialAction":[{"@type":"SearchAction","target":{"@type":"EntryPoint","urlTemplate":"https:\/\/fantalimentos.com.br\/home\/?s={search_term_string}"},"query-input":{"@type":"PropertyValueSpecification","valueRequired":true,"valueName":"search_term_string"}}],"inLanguage":"pt-BR"},{"@type":"Organization","@id":"https:\/\/fantalimentos.com.br\/home\/#organization","name":"Fant Alimentos","url":"https:\/\/fantalimentos.com.br\/home\/","logo":{"@type":"ImageObject","inLanguage":"pt-BR","@id":"https:\/\/fantalimentos.com.br\/home\/#\/schema\/logo\/image\/","url":"https:\/\/fantalimentos.com.br\/wp-content\/uploads\/2018\/03\/logo_rodape_250x108.png","contentUrl":"https:\/\/fantalimentos.com.br\/wp-content\/uploads\/2018\/03\/logo_rodape_250x108.png","width":250,"height":108,"caption":"Fant Alimentos"},"image":{"@id":"https:\/\/fantalimentos.com.br\/home\/#\/schema\/logo\/image\/"}}]}},"_links":{"self":[{"href":"https:\/\/fantalimentos.com.br\/home\/wp-json\/wp\/v2\/pages\/500","targetHints":{"allow":["GET"]}}],"collection":[{"href":"https:\/\/fantalimentos.com.br\/home\/wp-json\/wp\/v2\/pages"}],"about":[{"href":"https:\/\/fantalimentos.com.br\/home\/wp-json\/wp\/v2\/types\/page"}],"author":[{"embeddable":true,"href":"https:\/\/fantalimentos.com.br\/home\/wp-json\/wp\/v2\/users\/1"}],"replies":[{"embeddable":true,"href":"https:\/\/fantalimentos.com.br\/home\/wp-json\/wp\/v2\/comments?post=500"}],"version-history":[{"count":19,"href":"https:\/\/fantalimentos.com.br\/home\/wp-json\/wp\/v2\/pages\/500\/revisions"}],"predecessor-version":[{"id":871,"href":"https:\/\/fantalimentos.com.br\/home\/wp-json\/wp\/v2\/pages\/500\/revisions\/871"}],"wp:featuredmedia":[{"embeddable":true,"href":"https:\/\/fantalimentos.com.br\/home\/wp-json\/wp\/v2\/media\/151"}],"wp:attachment":[{"href":"https:\/\/fantalimentos.com.br\/home\/wp-json\/wp\/v2\/media?parent=500"}],"curies":[{"name":"wp","href":"https:\/\/api.w.org\/{rel}","templated":true}]}}